68. Let u be c(-7). Suppose -2*m - 134 = -2*i, -3*m = u*i - 38 - 106. What is the units digit of i?
9
Let z(t) = 2*t**2 - 2*t - 2. Let b be z(4). Let u be (-389)/(-4) - ((-684)/(-48) + -15). Suppose -b + u = s. What is the tens digit of s?
7
Let h be (6/9)/(3/9). Suppose 0 = 3*l - 4*a - 132, 5*l - 107 = h*a + 113. What is the tens digit of l?
4
Suppose -49 = -x - 11. Let j = -32 - -11. Let o = x + j. What is the units digit of o?
7
What is the tens digit of -4 - (24/30 - (-3147)/(-15))?
0
What is the tens digit of -4 - (-6 - -3) - 885/(-3)?
9
Let r be ((-8)/2)/(-12)*9. Suppose -4*p + r*i + 30 = 4, -4*i = -4*p + 28. Suppose -p*a + 68 = -4*l, 0*a - l - 26 = -2*a. What is the tens digit of a?
1
Let x = -2011 - -3685. What is the thousands digit of x?
1
Let w = 3816 + -658. What is the thousands digit of w?
3
Suppose 20*f - 25*f + 902 = -3*q, 0 = 2*f + 2*q - 348. What is the tens digit of f?
7
Let t = 6798 + -3905. What is the units digit of t?
3
Let w be (-3)/(-27)*3 - 10/(-6). Suppose -119 + 405 = w*z. What is the hundreds digit of z?
1
Let h(f) = 4*f**2 + 2*f + 3. Let v be h(-4). Let q be -5*(-8)/20*1. Suppose p + q - v = 0. What is the tens digit of p?
5
Let b(f) = -10*f - 21. Suppose -25 = 5*x - 0. What is the tens digit of b(x)?
2
Suppose 2*b = 7*b - 1250. Suppose 15*j - 17*j + b = 0. What is the units digit of j?
5
Let b = 281 - 277. What is the units digit of b?
4
Suppose 0 = m + 4*o - 164, 155 = -4*m + 5*m - 5*o. Suppose -m = -0*b + 5*b. What is the units digit of (-504)/b + 1/4?
6
Let t(z) = -z**2 + z + 27. Let k be t(5). What is the units digit of k/(-28) - 2658/(-8)?
2
Suppose 10*o - 12 = 7*o, -29658 = -5*v + 3*o. What is the hundreds digit of v?
9
Let l(k) = k**2 + 9*k - 22. Let t be l(-11). Suppose 5*g - 433 = -2*h, t = -7*g + 2*g + 5. What is the hundreds digit of h?
2
Suppose -5*a = -4*m - 738, 0 = -a - 0*m + 3*m + 141. What is the tens digit of a?
5
Let w be 2 - (2 - (-3 - -3)). Suppose -5*b + 4*p - 10 = -0*b, 3*b + 6 = -p. What is the tens digit of b + 51/3 - w?
1
Suppose -6*n = -4*n + 54. Let p = 26 - n. What is the units digit of p?
3
Suppose -b + 2 = 0, -5*h - b + 6*b + 65 = 0. Let s be 44/(2 - 40/h). What is the units digit of 44/s*(-63)/2?
1
Let p(l) = 12*l**3 - 3*l**2 + l - 13. What is the hundreds digit of p(3)?
2
Let g be ((-2)/(-18)*3)/(3/369). Suppose -g = -f + 76. What is the hundreds digit of f?
1
Suppose -4 = -p - 2*l, -5*p - 6 = -2*l + 10. Let h be 1/(p/4 - 0). What is the tens digit of 8 + h*(3 + -4)?
1
Let a be (-1346)/12 - (34/12)/(-17). Let q = a + 227. What is the hundreds digit of q?
1
Let n(x) = 11*x + 31. What is the hundreds digit of n(41)?
4
Suppose -4*o = 2*b + b - 364, -o = 2*b - 96. Let n = o - 36. What is the units digit of n?
2
Let c = 38 + 80. Suppose -5*n + 4*f = -612, 0 = -n + 3*f - 0*f + c. What is the hundreds digit of n?
1
Let h be 0 - (-3 - (2 - 93)). Let d(u) = -u**3 + 9*u**2 + 5*u - 4. Let z be d(6). Let i = z + h. What is the units digit of i?
6
Suppose -3*j + w + 3 = -0*w, 0 = 3*w - 9. Suppose -3*h + 7 = y, -j*y - 15 = y. Suppose 3*i = h*i - 24. What is the tens digit of i?
2
Suppose -1273 = -k + a, 3*k = 4*a + 338 + 3486. What is the thousands digit of k?
1
Suppose -16 = -4*v + g, 0*g = -5*v + 5*g + 20. Suppose -v*d + f = -238, f + 133 = -4*d + 367. Suppose d - 1 = 2*h. What is the units digit of h?
9
Suppose -3*x - 1 = -m, x + 3 = m + 2*m. What is the units digit of 154 + 2/(-1 + x)?
2
Suppose t - 768 = 5*p, -8*p = 2*t - 11*p - 1501. What is the units digit of t?
3
Let y(k) = k**3 - 12*k**2 + 14*k + 14. Suppose 2*x + 4 - 18 = 4*j, -x + j + 9 = 0. Let l be y(x). Let u = -25 + l. What is the tens digit of u?
2
Let f = 765 - -2873. What is the tens digit of f?
3
Let u(r) = r**2 + 4*r - 4. Let o be u(-5). Let z be (-2 - -1)/(o/(-2)). Suppose -z*m = -5*m + 42. What is the tens digit of m?
1
Let q = -333 - -4210. What is the tens digit of q?
7
Suppose -2*y = 140 - 1658. What is the units digit of y?
9
Let x(k) = -k**3 + 4*k**2 + 5*k + 4. Let l be x(5). Suppose 9*p - 60 = l*p. What is the units digit of p?
2
Let i = -945 - -1410. What is the tens digit of i?
6
Let c be (-1*1)/((-77)/(-42) + -2). Suppose 0 = -c*n + 38 + 628. What is the units digit of n?
1
Let s = -15 + 65. Let d be 270/s - (-2)/(-5). Suppose -l + d*l - 108 = 0. What is the units digit of l?
7
Let a = 37 - 21. Let i = -7 - a. Let r = i + 43. What is the units digit of r?
0
Let w(p) be the second derivative of -p + 1/6*p**3 + 5*p**2 + 0. What is the units digit of w(-8)?
2
Let q = 88 - 47. Suppose -q*k = -44*k + 387. What is the units digit of k?
9
Let f be (-3)/15 - (312/(-20))/3. Suppose -f*j - m + 333 = -153, -5*m = -4*j + 412. What is the units digit of j?
8
Suppose 4*a - 7327 - 375 = -5*u, 0 = -4*a + 2*u + 7716. What is the tens digit of a?
2
Suppose -5*h + 4*s + 666 = 0, -6*h = -h + 4*s - 674. Suppose 2*k + 3*q = q + h, 5*k - 5*q = 315. What is the units digit of k?
5
Suppose -33456 = -54*m + 3*m. What is the hundreds digit of m?
6
Let x(p) = -24*p - 21. Let f be x(8). Let j = 299 + f. What is the tens digit of j?
8
What is the hundreds digit of (7238/33)/(2/3)?
3
Suppose 4*u - 2*u - 150 = 0. Suppose 0 = -4*f + 3*a - 31, 5*f - 9 = -5*a - 74. What is the units digit of ((-12)/f)/(3/u)?
0
Suppose 5*k - 3*v = 9 - 44, 0 = -3*k + v - 21. Let j = k + 7. Suppose 0 = 5*c - j*c - 105. What is the units digit of c?
1
Let a(d) = d**2 + 7*d. Suppose -8*q + 6 = -6*q. Suppose -q*t = -0*t + 30. What is the units digit of a(t)?
0
Let l(g) = g + 16. Suppose 19 = -s - 0*s. Let y be l(s). Let k(b) = 3*b**2 - b - 3. What is the tens digit of k(y)?
2
What is the hundreds digit of (2/5)/((18 - 10)/3920)?
1
What is the hundreds digit of (32/(-48))/((-2)/3) - -899?
9
Suppose -4*j + i + 10 = 1, 4*i = 12. Suppose -j*d = -0*h - 5*h + 330, -5*d + 198 = 3*h. What is the tens digit of h?
6
Let y = 67 + 21. Suppose 110 = 18*u - y. What is the units digit of u?
1
Let f = 179 + 708. What is the units digit of f?
7
Let o(m) = -m**3 - m**2 + 3*m + 2. Let i be o(-2). Suppose i = -21*a + 25*a - 516. What is the hundreds digit of a?
1
Let j(v) = 55*v**2 - 16*v - 71. What is the units digit of j(-5)?
4
Let l(i) = 5*i**2 - 9*i - 49. What is the tens digit of l(20)?
7
Suppose -z - 5*f = 16, 2*z + 7*f = 2*f - 17. Let c be (-3)/(5 + 7) - (-106)/8. Let a = z + c. What is the tens digit of a?
1
Let k = 29 + -29. Let d(p) = k*p**2 - p + 13*p - p**2 + 5*p. What is the units digit of d(7)?
0
Let v be -3 + 3 + 3 - 12. Let u be ((-5)/3)/(3/v). What is the units digit of (u - 4 - -23)*1?
4
Let g = 198 - -338. What is the tens digit of g?
3
Let s = 45 - 39. Suppose 5*v + 94 = s*v. What is the units digit of v?
4
Let a(o) be the second derivative of o**4/6 - 11*o**3/6 + 13*o**2 - 4*o. What is the tens digit of a(5)?
2
Suppose -5*m + m + 14 = n, -56 = -4*n + 2*m. Suppose -5*v + 134 = n. What is the units digit of v?
4
Suppose -3*c = -4*c + 4. Suppose 0 = c*h - h - 186. What is the tens digit of h?
6
Let o(p) = -p**3 + 5*p**2 - 3*p - 2. Let i be o(4). Suppose 4*w - 6 = i. Suppose -w*a = -4*a + 100. What is the units digit of a?
0
Suppose 0 = 5*x + u + 37, -4*x + x = -5*u + 11. Let r = 1 - -1. What is the units digit of 31 + x + (0 - r)?
2
What is the tens digit of (2/6)/((-1)/(-2319))?
7
Let f(d) = -242*d + 249. What is the tens digit of f(-9)?
2
Let n(w) = -12*w**2 + w + 1. Let x be n(-1). Let i = -134 + 156. Let k = i - x. What is the units digit of k?
4
Suppose 2*z + 7 = -5*s + 16, 0 = 5*z - 5*s + 65. Let k = z + 49. What is the units digit of k?
1
Let c be 3790/(-45) + (-8)/(-36). Let v = c + 110. What is the units digit of v?
6
Suppose -5*k + 2*f = 1 - 13, 5*f = -4*k + 36. Suppose -k*p + 184 = -j, p - 27 = 2*j + 3*j. What is the units digit of p?
7
Suppose -2*p + 3*h = 3*p - 50, 3*p + 3*h - 6 = 0. Suppose -q + 84 - p = 0. What is the tens digit of q?
7
Let f = -21 + 27. Suppose -5*z + 16 = -3*o, o - f*o = -z - 10. Suppose 0*u - 4*n = 5*u - 41, o*u + 3*n = 24. What is the units digit of u?
9
Suppose -9*h = -7123 - 590. What is the hundreds digit of h?
8
Let g(d) be the first derivative of -2*d**3/3 - 57*d**2/2 - 32*d + 34. What is the units digit of g(-24)?
4
Let u(z) = 7*z - 10. Let s(g) be the third derivative of g**4/3 - 5*g**3/3 + 5*g**2. Let i(q) = -3*s(q) + 4*u(q)